{"id":15962,"date":"2022-04-27T11:22:21","date_gmt":"2022-04-27T11:22:21","guid":{"rendered":"http:\/\/cicloconciertosbarciademera.net\/?post_type=tribe_events&#038;p=15962"},"modified":"2022-08-09T14:38:15","modified_gmt":"2022-08-09T14:38:15","slug":"duo-laud-e-voz","status":"publish","type":"tribe_events","link":"http:\/\/cicloconciertosbarciademera.net\/index.php\/event\/duo-laud-e-voz\/","title":{"rendered":"D\u00fao La\u00fad e Voz"},"content":{"rendered":"<p>Texto y programa en elaboraci\u00f3n.<\/p>\n<p>&nbsp;<\/p>\n<p>&nbsp;<\/p>\n","protected":false},"excerpt":{"rendered":"<p>Texto y programa en elaboraci\u00f3n. <\/p>\n","protected":false},"author":1,"featured_media":16231,"comment_status":"open","ping_status":"closed","template":"","meta":{"om_disable_all_campaigns":false,"_monsterinsights_skip_tracking":false,"_monsterinsights_sitenote_active":false,"_monsterinsights_sitenote_note":"","_monsterinsights_sitenote_category":0,"_tribe_events_status":"","_tribe_events_status_reason":"","footnotes":""},"tags":[],"tribe_events_cat":[54],"class_list":["post-15962","tribe_events","type-tribe_events","status-publish","has-post-thumbnail","hentry","tribe_events_cat-concierto","cat_concierto"],"yoast_head":"<!-- This site is optimized with the Yoast SEO plugin v18.6 - https:\/\/yoast.com\/wordpress\/plugins\/seo\/ -->\n<title>D\u00fao La\u00fad e Voz - Ciclo de Conciertos de Barcia de Mera<\/title>\n<meta name=\"robots\" content=\"index, follow, max-snippet:-1, max-image-preview:large, max-video-preview:-1\" \/>\n<link rel=\"canonical\" href=\"http:\/\/cicloconciertosbarciademera.net\/index.php\/event\/duo-laud-e-voz\/\" \/>\n<meta property=\"og:locale\" content=\"es_ES\" \/>\n<meta property=\"og:type\" content=\"article\" \/>\n<meta property=\"og:title\" content=\"D\u00fao La\u00fad e Voz - Ciclo de Conciertos de Barcia de Mera\" \/>\n<meta property=\"og:description\" content=\"Texto y programa en elaboraci\u00f3n.\" \/>\n<meta property=\"og:url\" content=\"http:\/\/cicloconciertosbarciademera.net\/index.php\/event\/duo-laud-e-voz\/\" \/>\n<meta property=\"og:site_name\" content=\"Ciclo de Conciertos de Barcia de Mera\" \/>\n<meta property=\"article:modified_time\" content=\"2022-08-09T14:38:15+00:00\" \/>\n<meta property=\"og:image\" content=\"http:\/\/cicloconciertosbarciademera.net\/wp-content\/uploads\/2022\/04\/FB_IMG_1660055767045.jpg\" \/>\n\t<meta property=\"og:image:width\" content=\"1080\" \/>\n\t<meta property=\"og:image:height\" content=\"1527\" \/>\n\t<meta property=\"og:image:type\" content=\"image\/jpeg\" \/>\n<meta name=\"twitter:card\" content=\"summary_large_image\" \/>\n<meta name=\"twitter:label1\" content=\"Tiempo de lectura\" \/>\n\t<meta name=\"twitter:data1\" content=\"1 minuto\" \/>\n<script type=\"application\/ld+json\" class=\"yoast-schema-graph\">{\"@context\":\"https:\/\/schema.org\",\"@graph\":[{\"@type\":\"WebSite\",\"@id\":\"http:\/\/cicloconciertosbarciademera.net\/#website\",\"url\":\"http:\/\/cicloconciertosbarciademera.net\/\",\"name\":\"Ciclo de Conciertos de Barcia de Mera\",\"description\":\"\",\"potentialAction\":[{\"@type\":\"SearchAction\",\"target\":{\"@type\":\"EntryPoint\",\"urlTemplate\":\"http:\/\/cicloconciertosbarciademera.net\/?s={search_term_string}\"},\"query-input\":\"required name=search_term_string\"}],\"inLanguage\":\"es\"},{\"@type\":\"ImageObject\",\"@id\":\"http:\/\/cicloconciertosbarciademera.net\/index.php\/event\/duo-laud-e-voz\/#primaryimage\",\"inLanguage\":\"es\",\"url\":\"http:\/\/cicloconciertosbarciademera.net\/wp-content\/uploads\/2022\/04\/FB_IMG_1660055767045.jpg\",\"contentUrl\":\"http:\/\/cicloconciertosbarciademera.net\/wp-content\/uploads\/2022\/04\/FB_IMG_1660055767045.jpg\",\"width\":1080,\"height\":1527},{\"@type\":\"WebPage\",\"@id\":\"http:\/\/cicloconciertosbarciademera.net\/index.php\/event\/duo-laud-e-voz\/#webpage\",\"url\":\"http:\/\/cicloconciertosbarciademera.net\/index.php\/event\/duo-laud-e-voz\/\",\"name\":\"D\u00fao La\u00fad e Voz - Ciclo de Conciertos de Barcia de Mera\",\"isPartOf\":{\"@id\":\"http:\/\/cicloconciertosbarciademera.net\/#website\"},\"primaryImageOfPage\":{\"@id\":\"http:\/\/cicloconciertosbarciademera.net\/index.php\/event\/duo-laud-e-voz\/#primaryimage\"},\"datePublished\":\"2022-04-27T11:22:21+00:00\",\"dateModified\":\"2022-08-09T14:38:15+00:00\",\"breadcrumb\":{\"@id\":\"http:\/\/cicloconciertosbarciademera.net\/index.php\/event\/duo-laud-e-voz\/#breadcrumb\"},\"inLanguage\":\"es\",\"potentialAction\":[{\"@type\":\"ReadAction\",\"target\":[\"http:\/\/cicloconciertosbarciademera.net\/index.php\/event\/duo-laud-e-voz\/\"]}]},{\"@type\":\"BreadcrumbList\",\"@id\":\"http:\/\/cicloconciertosbarciademera.net\/index.php\/event\/duo-laud-e-voz\/#breadcrumb\",\"itemListElement\":[{\"@type\":\"ListItem\",\"position\":1,\"name\":\"Home\",\"item\":\"http:\/\/cicloconciertosbarciademera.net\/\"},{\"@type\":\"ListItem\",\"position\":2,\"name\":\"Eventos\",\"item\":\"http:\/\/cicloconciertosbarciademera.net\/index.php\/events\/\"},{\"@type\":\"ListItem\",\"position\":3,\"name\":\"D\u00fao La\u00fad e Voz\"}]}]}<\/script>\n<!-- \/ Yoast SEO plugin. -->","yoast_head_json":{"title":"D\u00fao La\u00fad e Voz - Ciclo de Conciertos de Barcia de Mera","robots":{"index":"index","follow":"follow","max-snippet":"max-snippet:-1","max-image-preview":"max-image-preview:large","max-video-preview":"max-video-preview:-1"},"canonical":"http:\/\/cicloconciertosbarciademera.net\/index.php\/event\/duo-laud-e-voz\/","og_locale":"es_ES","og_type":"article","og_title":"D\u00fao La\u00fad e Voz - Ciclo de Conciertos de Barcia de Mera","og_description":"Texto y programa en elaboraci\u00f3n.","og_url":"http:\/\/cicloconciertosbarciademera.net\/index.php\/event\/duo-laud-e-voz\/","og_site_name":"Ciclo de Conciertos de Barcia de Mera","article_modified_time":"2022-08-09T14:38:15+00:00","og_image":[{"width":1080,"height":1527,"url":"http:\/\/cicloconciertosbarciademera.net\/wp-content\/uploads\/2022\/04\/FB_IMG_1660055767045.jpg","type":"image\/jpeg"}],"twitter_card":"summary_large_image","twitter_misc":{"Tiempo de lectura":"1 minuto"},"schema":{"@context":"https:\/\/schema.org","@graph":[{"@type":"WebSite","@id":"http:\/\/cicloconciertosbarciademera.net\/#website","url":"http:\/\/cicloconciertosbarciademera.net\/","name":"Ciclo de Conciertos de Barcia de Mera","description":"","potentialAction":[{"@type":"SearchAction","target":{"@type":"EntryPoint","urlTemplate":"http:\/\/cicloconciertosbarciademera.net\/?s={search_term_string}"},"query-input":"required name=search_term_string"}],"inLanguage":"es"},{"@type":"ImageObject","@id":"http:\/\/cicloconciertosbarciademera.net\/index.php\/event\/duo-laud-e-voz\/#primaryimage","inLanguage":"es","url":"http:\/\/cicloconciertosbarciademera.net\/wp-content\/uploads\/2022\/04\/FB_IMG_1660055767045.jpg","contentUrl":"http:\/\/cicloconciertosbarciademera.net\/wp-content\/uploads\/2022\/04\/FB_IMG_1660055767045.jpg","width":1080,"height":1527},{"@type":"WebPage","@id":"http:\/\/cicloconciertosbarciademera.net\/index.php\/event\/duo-laud-e-voz\/#webpage","url":"http:\/\/cicloconciertosbarciademera.net\/index.php\/event\/duo-laud-e-voz\/","name":"D\u00fao La\u00fad e Voz - Ciclo de Conciertos de Barcia de Mera","isPartOf":{"@id":"http:\/\/cicloconciertosbarciademera.net\/#website"},"primaryImageOfPage":{"@id":"http:\/\/cicloconciertosbarciademera.net\/index.php\/event\/duo-laud-e-voz\/#primaryimage"},"datePublished":"2022-04-27T11:22:21+00:00","dateModified":"2022-08-09T14:38:15+00:00","breadcrumb":{"@id":"http:\/\/cicloconciertosbarciademera.net\/index.php\/event\/duo-laud-e-voz\/#breadcrumb"},"inLanguage":"es","potentialAction":[{"@type":"ReadAction","target":["http:\/\/cicloconciertosbarciademera.net\/index.php\/event\/duo-laud-e-voz\/"]}]},{"@type":"BreadcrumbList","@id":"http:\/\/cicloconciertosbarciademera.net\/index.php\/event\/duo-laud-e-voz\/#breadcrumb","itemListElement":[{"@type":"ListItem","position":1,"name":"Home","item":"http:\/\/cicloconciertosbarciademera.net\/"},{"@type":"ListItem","position":2,"name":"Eventos","item":"http:\/\/cicloconciertosbarciademera.net\/index.php\/events\/"},{"@type":"ListItem","position":3,"name":"D\u00fao La\u00fad e Voz"}]}]}},"_links":{"self":[{"href":"http:\/\/cicloconciertosbarciademera.net\/index.php\/wp-json\/wp\/v2\/tribe_events\/15962","targetHints":{"allow":["GET"]}}],"collection":[{"href":"http:\/\/cicloconciertosbarciademera.net\/index.php\/wp-json\/wp\/v2\/tribe_events"}],"about":[{"href":"http:\/\/cicloconciertosbarciademera.net\/index.php\/wp-json\/wp\/v2\/types\/tribe_events"}],"author":[{"embeddable":true,"href":"http:\/\/cicloconciertosbarciademera.net\/index.php\/wp-json\/wp\/v2\/users\/1"}],"replies":[{"embeddable":true,"href":"http:\/\/cicloconciertosbarciademera.net\/index.php\/wp-json\/wp\/v2\/comments?post=15962"}],"version-history":[{"count":4,"href":"http:\/\/cicloconciertosbarciademera.net\/index.php\/wp-json\/wp\/v2\/tribe_events\/15962\/revisions"}],"predecessor-version":[{"id":16075,"href":"http:\/\/cicloconciertosbarciademera.net\/index.php\/wp-json\/wp\/v2\/tribe_events\/15962\/revisions\/16075"}],"wp:featuredmedia":[{"embeddable":true,"href":"http:\/\/cicloconciertosbarciademera.net\/index.php\/wp-json\/wp\/v2\/media\/16231"}],"wp:attachment":[{"href":"http:\/\/cicloconciertosbarciademera.net\/index.php\/wp-json\/wp\/v2\/media?parent=15962"}],"wp:term":[{"taxonomy":"post_tag","embeddable":true,"href":"http:\/\/cicloconciertosbarciademera.net\/index.php\/wp-json\/wp\/v2\/tags?post=15962"},{"taxonomy":"tribe_events_cat","embeddable":true,"href":"http:\/\/cicloconciertosbarciademera.net\/index.php\/wp-json\/wp\/v2\/tribe_events_cat?post=15962"}],"curies":[{"name":"wp","href":"https:\/\/api.w.org\/{rel}","templated":true}]}}

Dúo Laúd e Voz

<p>Texto y programa en elaboración.</p>
<p>&nbsp;</p>
<p>&nbsp;</p>

<p>Texto y programa en elaboración. </p>

<!-- This site is optimized with the Yoast SEO plugin v18.6 - https://yoast.com/wordpress/plugins/seo/ -->
<title>Dúo Laúd e Voz - Ciclo de Conciertos de Barcia de Mera</title>
<meta name="robots" content="index, follow, max-snippet:-1, max-image-preview:large, max-video-preview:-1" />
<link rel="canonical" href="http://cicloconciertosbarciademera.net/index.php/event/duo-laud-e-voz/" />
<meta property="og:locale" content="es_ES" />
<meta property="og:type" content="article" />
<meta property="og:title" content="Dúo Laúd e Voz - Ciclo de Conciertos de Barcia de Mera" />
<meta property="og:description" content="Texto y programa en elaboración." />
<meta property="og:url" content="http://cicloconciertosbarciademera.net/index.php/event/duo-laud-e-voz/" />
<meta property="og:site_name" content="Ciclo de Conciertos de Barcia de Mera" />
<meta property="article:modified_time" content="2022-08-09T14:38:15+00:00" />
<meta property="og:image" content="http://cicloconciertosbarciademera.net/wp-content/uploads/2022/04/FB_IMG_1660055767045.jpg" />
	<meta property="og:image:width" content="1080" />
	<meta property="og:image:height" content="1527" />
	<meta property="og:image:type" content="image/jpeg" />
<meta name="twitter:card" content="summary_large_image" />
<meta name="twitter:label1" content="Tiempo de lectura" />
	<meta name="twitter:data1" content="1 minuto" />
<script type="application/ld+json" class="yoast-schema-graph">{"@context":"https://schema.org","@graph":[{"@type":"WebSite","@id":"http://cicloconciertosbarciademera.net/#website","url":"http://cicloconciertosbarciademera.net/","name":"Ciclo de Conciertos de Barcia de Mera","description":"","potentialAction":[{"@type":"SearchAction","target":{"@type":"EntryPoint","urlTemplate":"http://cicloconciertosbarciademera.net/?s={search_term_string}"},"query-input":"required name=search_term_string"}],"inLanguage":"es"},{"@type":"ImageObject","@id":"http://cicloconciertosbarciademera.net/index.php/event/duo-laud-e-voz/#primaryimage","inLanguage":"es","url":"http://cicloconciertosbarciademera.net/wp-content/uploads/2022/04/FB_IMG_1660055767045.jpg","contentUrl":"http://cicloconciertosbarciademera.net/wp-content/uploads/2022/04/FB_IMG_1660055767045.jpg","width":1080,"height":1527},{"@type":"WebPage","@id":"http://cicloconciertosbarciademera.net/index.php/event/duo-laud-e-voz/#webpage","url":"http://cicloconciertosbarciademera.net/index.php/event/duo-laud-e-voz/","name":"Dúo Laúd e Voz - Ciclo de Conciertos de Barcia de Mera","isPartOf":{"@id":"http://cicloconciertosbarciademera.net/#website"},"primaryImageOfPage":{"@id":"http://cicloconciertosbarciademera.net/index.php/event/duo-laud-e-voz/#primaryimage"},"datePublished":"2022-04-27T11:22:21+00:00","dateModified":"2022-08-09T14:38:15+00:00","breadcrumb":{"@id":"http://cicloconciertosbarciademera.net/index.php/event/duo-laud-e-voz/#breadcrumb"},"inLanguage":"es","potentialAction":[{"@type":"ReadAction","target":["http://cicloconciertosbarciademera.net/index.php/event/duo-laud-e-voz/"]}]},{"@type":"BreadcrumbList","@id":"http://cicloconciertosbarciademera.net/index.php/event/duo-laud-e-voz/#breadcrumb","itemListElement":[{"@type":"ListItem","position":1,"name":"Home","item":"http://cicloconciertosbarciademera.net/"},{"@type":"ListItem","position":2,"name":"Eventos","item":"http://cicloconciertosbarciademera.net/index.php/events/"},{"@type":"ListItem","position":3,"name":"Dúo Laúd e Voz"}]}]}</script>
<!-- / Yoast SEO plugin. -->

Dúo Laúd e Voz - Ciclo de Conciertos de Barcia de Mera

Texto y programa en elaboración.
