{"id":1619,"date":"2015-11-26T14:39:54","date_gmt":"2015-11-26T14:39:54","guid":{"rendered":"http:\/\/welfare.cmsmasters.net\/?post_type=profile&#038;p=1619"},"modified":"2022-04-29T22:39:16","modified_gmt":"2022-04-29T22:39:16","slug":"afecto-ilustrado","status":"publish","type":"profile","link":"http:\/\/cicloconciertosbarciademera.net\/index.php\/profile\/afecto-ilustrado\/","title":{"rendered":"El Afecto Ilustrado"},"content":{"rendered":"<div id=\"cmsmasters_row_f9f93e3004\" class=\"cmsmasters_row cmsmasters_color_scheme_default cmsmasters_row_top_default cmsmasters_row_bot_default cmsmasters_row_boxed\">\n<div class=\"cmsmasters_row_outer_parent\">\n<div class=\"cmsmasters_row_outer\">\n<div class=\"cmsmasters_row_inner\">\n<div class=\"cmsmasters_row_margin\">\n<div id=\"cmsmasters_column_a56c007bed\" class=\"cmsmasters_column one_first\">\n<div class=\"cmsmasters_column_inner\"><div class=\"aligncenter\"><div class=\"cmsmasters_img  cmsmasters_image_c\"><img decoding=\"async\" src=\"http:\/\/cicloconciertosbarciademera.net\/wp-content\/uploads\/2015\/11\/afectoilustrado-300x200.jpg\" alt=\"afectoilustrado\" \/><\/div><\/div>\n<\/div><\/div>\n<\/div>\n<\/div>\n<\/div>\n<\/div>\n<\/div>\n<div id=\"cmsmasters_row_bf1ea3b196\" class=\"cmsmasters_row cmsmasters_color_scheme_default cmsmasters_row_top_default cmsmasters_row_bot_default cmsmasters_row_boxed\">\n<div class=\"cmsmasters_row_outer_parent\">\n<div class=\"cmsmasters_row_outer\">\n<div class=\"cmsmasters_row_inner\">\n<div class=\"cmsmasters_row_margin\">\n<div id=\"cmsmasters_column_99a36f55dc\" class=\"cmsmasters_column one_first\">\n<div class=\"cmsmasters_column_inner\"><div class=\"cmsmasters_text\">\n<p>El Afecto Ilustradonace en el a\u00f1o 2012, concebido como un grupo de c\u00e1mara innovador y vers\u00e1til, cuya filosof\u00eda es presentar y acercar al p\u00fablico una interpretaci\u00f3n historicista del repertorio comprendido entre los siglos XVII y XIX de una manera pr\u00f3xima y tangible.<\/p>\n<p>Con formatos de concierto poco explorados, El Afecto Ilustrado est\u00e1 integrado por profesionales que despuntan en el panorama musical nacional e internacional. Sus componentes, activos en los principales grupos del pa\u00eds, en la docencia, o en la carrera solista, suponen un compendio de ideas y \u00f3pticas que convierten los proyectos del grupo en experiencias \u00fanicas e inspiradoras para el oyente.<\/p>\n<p>El objetivo de El Afecto Ilustrado pasa pues, por presentar y difundir programas de un alto nivel de calidad interpretativa, precisi\u00f3n hist\u00f3rica y respeto a las fuentes originales, fruto de un proceso detallado de estudio de investigaci\u00f3n musical e hist\u00f3rica.<\/p>\n<p>Si bien la m\u00fasica europea de los siglos XVII al XIX ocupa un lugar importante dentro de las programaciones del ensamble, el patrimonio musical espa\u00f1ol e hispano del mismo per\u00edodo supone asimismo uno de los pilares del ensemble. La recuperaci\u00f3n y difusi\u00f3n del mismo supone, pues, una preferencia para El Afecto Ilustrado, as\u00ed como poner de relieve asuntos o hechos hist\u00f3ricos, sociales o culturales que merecen un reconocimiento por parte de la sociedad, tanto a nivel canario, como espa\u00f1ol, europeo o hispanoamericano.<\/p>\n<p>El Afecto Ilustrado ha participado, entre otros, en el ciclo de conciertos de la Biblioteca Nacional de Espa\u00f1a (BNE), ciclo de M\u00fasica Antigua de la Catedral de Valencia, ciclo de conciertos de la Cidade da Cultura de Galicia-CDC, temporada de conciertos de la Sociedad Filarm\u00f3nica de Vigo, festival de m\u00fasica de c\u00e1mara Bal y Gay de Lugo, temporada de conciertos de la Sociedad Filarm\u00f3nica de Pontevedra, ciclo de M\u00fasica Sacra de S\/C de Tenerife, festival de m\u00fasica de c\u00e1mara de Villa de la Orotava, ciclo de conciertos de la Universidad de Verano de la ULL, ciclo de M\u00fasica Antigua de la Casa de Col\u00f3n en Las Palmas de Gran Canaria, ciclo de conciertos del Museo de Bellas Artes de S\/C de Tenerife, ciclo de conciertos del Museo de Bellas Artes de A Coru\u00f1a, festival de M\u00fasica Religiosa de Canarias, ciclo de conciertos de la Real Academia Canaria de Bellas Artes (RACBA), etc.<\/p>\n<\/div>\n<\/div><\/div>\n<\/div>\n<\/div>\n<\/div>\n<\/div>\n<\/div>\n\n","protected":false},"excerpt":{"rendered":"<p>Grupo de c\u00e1mara especializado en repertorio entre los siglos XVII y XIX<\/p>\n","protected":false},"featured_media":16202,"menu_order":0,"comment_status":"closed","ping_status":"open","template":"","meta":{"om_disable_all_campaigns":false,"_monsterinsights_skip_tracking":false,"_monsterinsights_sitenote_active":false,"_monsterinsights_sitenote_note":"","_monsterinsights_sitenote_category":0,"footnotes":""},"pl-categs":[87,74],"class_list":["post-1619","profile","type-profile","status-publish","has-post-thumbnail","hentry","pl-categs-afecto-ilustrado","pl-categs-grupo"],"yoast_head":"<!-- This site is optimized with the Yoast SEO plugin v18.6 - https:\/\/yoast.com\/wordpress\/plugins\/seo\/ -->\n<title>El Afecto Ilustrado - Ciclo de Conciertos de Barcia de Mera<\/title>\n<meta name=\"description\" content=\"El Afecto Ilustradonace en el a\u00f1o 2012, grupo de c\u00e1mara para acercar al p\u00fablico un repertorio comprendido entre los siglos XVII y XIX\" \/>\n<meta name=\"robots\" content=\"index, follow, max-snippet:-1, max-image-preview:large, max-video-preview:-1\" \/>\n<link rel=\"canonical\" href=\"http:\/\/cicloconciertosbarciademera.net\/index.php\/profile\/afecto-ilustrado\/\" \/>\n<meta property=\"og:locale\" content=\"es_ES\" \/>\n<meta property=\"og:type\" content=\"article\" \/>\n<meta property=\"og:title\" content=\"El Afecto Ilustrado - Ciclo de Conciertos de Barcia de Mera\" \/>\n<meta property=\"og:description\" content=\"El Afecto Ilustradonace en el a\u00f1o 2012, grupo de c\u00e1mara para acercar al p\u00fablico un repertorio comprendido entre los siglos XVII y XIX\" \/>\n<meta property=\"og:url\" content=\"http:\/\/cicloconciertosbarciademera.net\/index.php\/profile\/afecto-ilustrado\/\" \/>\n<meta property=\"og:site_name\" content=\"Ciclo de Conciertos de Barcia de Mera\" \/>\n<meta property=\"article:modified_time\" content=\"2022-04-29T22:39:16+00:00\" \/>\n<meta property=\"og:image\" content=\"http:\/\/cicloconciertosbarciademera.net\/wp-content\/uploads\/2015\/11\/afectoilustrado.jpg\" \/>\n\t<meta property=\"og:image:width\" content=\"714\" \/>\n\t<meta property=\"og:image:height\" content=\"476\" \/>\n\t<meta property=\"og:image:type\" content=\"image\/jpeg\" \/>\n<meta name=\"twitter:card\" content=\"summary_large_image\" \/>\n<meta name=\"twitter:label1\" content=\"Tiempo de lectura\" \/>\n\t<meta name=\"twitter:data1\" content=\"3 minutos\" \/>\n<script type=\"application\/ld+json\" class=\"yoast-schema-graph\">{\"@context\":\"https:\/\/schema.org\",\"@graph\":[{\"@type\":\"WebSite\",\"@id\":\"http:\/\/cicloconciertosbarciademera.net\/#website\",\"url\":\"http:\/\/cicloconciertosbarciademera.net\/\",\"name\":\"Ciclo de Conciertos de Barcia de Mera\",\"description\":\"\",\"potentialAction\":[{\"@type\":\"SearchAction\",\"target\":{\"@type\":\"EntryPoint\",\"urlTemplate\":\"http:\/\/cicloconciertosbarciademera.net\/?s={search_term_string}\"},\"query-input\":\"required name=search_term_string\"}],\"inLanguage\":\"es\"},{\"@type\":\"ImageObject\",\"@id\":\"http:\/\/cicloconciertosbarciademera.net\/index.php\/profile\/afecto-ilustrado\/#primaryimage\",\"inLanguage\":\"es\",\"url\":\"http:\/\/cicloconciertosbarciademera.net\/wp-content\/uploads\/2015\/11\/afectoilustrado.jpg\",\"contentUrl\":\"http:\/\/cicloconciertosbarciademera.net\/wp-content\/uploads\/2015\/11\/afectoilustrado.jpg\",\"width\":714,\"height\":476,\"caption\":\"afectoilustrado\"},{\"@type\":\"WebPage\",\"@id\":\"http:\/\/cicloconciertosbarciademera.net\/index.php\/profile\/afecto-ilustrado\/#webpage\",\"url\":\"http:\/\/cicloconciertosbarciademera.net\/index.php\/profile\/afecto-ilustrado\/\",\"name\":\"El Afecto Ilustrado - Ciclo de Conciertos de Barcia de Mera\",\"isPartOf\":{\"@id\":\"http:\/\/cicloconciertosbarciademera.net\/#website\"},\"primaryImageOfPage\":{\"@id\":\"http:\/\/cicloconciertosbarciademera.net\/index.php\/profile\/afecto-ilustrado\/#primaryimage\"},\"datePublished\":\"2015-11-26T14:39:54+00:00\",\"dateModified\":\"2022-04-29T22:39:16+00:00\",\"description\":\"El Afecto Ilustradonace en el a\u00f1o 2012, grupo de c\u00e1mara para acercar al p\u00fablico un repertorio comprendido entre los siglos XVII y XIX\",\"breadcrumb\":{\"@id\":\"http:\/\/cicloconciertosbarciademera.net\/index.php\/profile\/afecto-ilustrado\/#breadcrumb\"},\"inLanguage\":\"es\",\"potentialAction\":[{\"@type\":\"ReadAction\",\"target\":[\"http:\/\/cicloconciertosbarciademera.net\/index.php\/profile\/afecto-ilustrado\/\"]}]},{\"@type\":\"BreadcrumbList\",\"@id\":\"http:\/\/cicloconciertosbarciademera.net\/index.php\/profile\/afecto-ilustrado\/#breadcrumb\",\"itemListElement\":[{\"@type\":\"ListItem\",\"position\":1,\"name\":\"Home\",\"item\":\"http:\/\/cicloconciertosbarciademera.net\/\"},{\"@type\":\"ListItem\",\"position\":2,\"name\":\"Profiles\",\"item\":\"http:\/\/cicloconciertosbarciademera.net\/index.php\/profile\/\"},{\"@type\":\"ListItem\",\"position\":3,\"name\":\"El Afecto Ilustrado\"}]}]}<\/script>\n<!-- \/ Yoast SEO plugin. -->","yoast_head_json":{"title":"El Afecto Ilustrado - Ciclo de Conciertos de Barcia de Mera","description":"El Afecto Ilustradonace en el a\u00f1o 2012, grupo de c\u00e1mara para acercar al p\u00fablico un repertorio comprendido entre los siglos XVII y XIX","robots":{"index":"index","follow":"follow","max-snippet":"max-snippet:-1","max-image-preview":"max-image-preview:large","max-video-preview":"max-video-preview:-1"},"canonical":"http:\/\/cicloconciertosbarciademera.net\/index.php\/profile\/afecto-ilustrado\/","og_locale":"es_ES","og_type":"article","og_title":"El Afecto Ilustrado - Ciclo de Conciertos de Barcia de Mera","og_description":"El Afecto Ilustradonace en el a\u00f1o 2012, grupo de c\u00e1mara para acercar al p\u00fablico un repertorio comprendido entre los siglos XVII y XIX","og_url":"http:\/\/cicloconciertosbarciademera.net\/index.php\/profile\/afecto-ilustrado\/","og_site_name":"Ciclo de Conciertos de Barcia de Mera","article_modified_time":"2022-04-29T22:39:16+00:00","og_image":[{"width":714,"height":476,"url":"http:\/\/cicloconciertosbarciademera.net\/wp-content\/uploads\/2015\/11\/afectoilustrado.jpg","type":"image\/jpeg"}],"twitter_card":"summary_large_image","twitter_misc":{"Tiempo de lectura":"3 minutos"},"schema":{"@context":"https:\/\/schema.org","@graph":[{"@type":"WebSite","@id":"http:\/\/cicloconciertosbarciademera.net\/#website","url":"http:\/\/cicloconciertosbarciademera.net\/","name":"Ciclo de Conciertos de Barcia de Mera","description":"","potentialAction":[{"@type":"SearchAction","target":{"@type":"EntryPoint","urlTemplate":"http:\/\/cicloconciertosbarciademera.net\/?s={search_term_string}"},"query-input":"required name=search_term_string"}],"inLanguage":"es"},{"@type":"ImageObject","@id":"http:\/\/cicloconciertosbarciademera.net\/index.php\/profile\/afecto-ilustrado\/#primaryimage","inLanguage":"es","url":"http:\/\/cicloconciertosbarciademera.net\/wp-content\/uploads\/2015\/11\/afectoilustrado.jpg","contentUrl":"http:\/\/cicloconciertosbarciademera.net\/wp-content\/uploads\/2015\/11\/afectoilustrado.jpg","width":714,"height":476,"caption":"afectoilustrado"},{"@type":"WebPage","@id":"http:\/\/cicloconciertosbarciademera.net\/index.php\/profile\/afecto-ilustrado\/#webpage","url":"http:\/\/cicloconciertosbarciademera.net\/index.php\/profile\/afecto-ilustrado\/","name":"El Afecto Ilustrado - Ciclo de Conciertos de Barcia de Mera","isPartOf":{"@id":"http:\/\/cicloconciertosbarciademera.net\/#website"},"primaryImageOfPage":{"@id":"http:\/\/cicloconciertosbarciademera.net\/index.php\/profile\/afecto-ilustrado\/#primaryimage"},"datePublished":"2015-11-26T14:39:54+00:00","dateModified":"2022-04-29T22:39:16+00:00","description":"El Afecto Ilustradonace en el a\u00f1o 2012, grupo de c\u00e1mara para acercar al p\u00fablico un repertorio comprendido entre los siglos XVII y XIX","breadcrumb":{"@id":"http:\/\/cicloconciertosbarciademera.net\/index.php\/profile\/afecto-ilustrado\/#breadcrumb"},"inLanguage":"es","potentialAction":[{"@type":"ReadAction","target":["http:\/\/cicloconciertosbarciademera.net\/index.php\/profile\/afecto-ilustrado\/"]}]},{"@type":"BreadcrumbList","@id":"http:\/\/cicloconciertosbarciademera.net\/index.php\/profile\/afecto-ilustrado\/#breadcrumb","itemListElement":[{"@type":"ListItem","position":1,"name":"Home","item":"http:\/\/cicloconciertosbarciademera.net\/"},{"@type":"ListItem","position":2,"name":"Profiles","item":"http:\/\/cicloconciertosbarciademera.net\/index.php\/profile\/"},{"@type":"ListItem","position":3,"name":"El Afecto Ilustrado"}]}]}},"_links":{"self":[{"href":"http:\/\/cicloconciertosbarciademera.net\/index.php\/wp-json\/wp\/v2\/profile\/1619","targetHints":{"allow":["GET"]}}],"collection":[{"href":"http:\/\/cicloconciertosbarciademera.net\/index.php\/wp-json\/wp\/v2\/profile"}],"about":[{"href":"http:\/\/cicloconciertosbarciademera.net\/index.php\/wp-json\/wp\/v2\/types\/profile"}],"replies":[{"embeddable":true,"href":"http:\/\/cicloconciertosbarciademera.net\/index.php\/wp-json\/wp\/v2\/comments?post=1619"}],"version-history":[{"count":4,"href":"http:\/\/cicloconciertosbarciademera.net\/index.php\/wp-json\/wp\/v2\/profile\/1619\/revisions"}],"predecessor-version":[{"id":16206,"href":"http:\/\/cicloconciertosbarciademera.net\/index.php\/wp-json\/wp\/v2\/profile\/1619\/revisions\/16206"}],"wp:featuredmedia":[{"embeddable":true,"href":"http:\/\/cicloconciertosbarciademera.net\/index.php\/wp-json\/wp\/v2\/media\/16202"}],"wp:attachment":[{"href":"http:\/\/cicloconciertosbarciademera.net\/index.php\/wp-json\/wp\/v2\/media?parent=1619"}],"wp:term":[{"taxonomy":"pl-categs","embeddable":true,"href":"http:\/\/cicloconciertosbarciademera.net\/index.php\/wp-json\/wp\/v2\/pl-categs?post=1619"}],"curies":[{"name":"wp","href":"https:\/\/api.w.org\/{rel}","templated":true}]}}

<div id="cmsmasters_row_f9f93e3004" class="cmsmasters_row cmsmasters_color_scheme_default cmsmasters_row_top_default cmsmasters_row_bot_default cmsmasters_row_boxed">
<div class="cmsmasters_row_outer_parent">
<div class="cmsmasters_row_outer">
<div class="cmsmasters_row_inner">
<div class="cmsmasters_row_margin">
<div id="cmsmasters_column_a56c007bed" class="cmsmasters_column one_first">
<div class="cmsmasters_column_inner"><div class="aligncenter"><div class="cmsmasters_img  cmsmasters_image_c"><img decoding="async" src="http://cicloconciertosbarciademera.net/wp-content/uploads/2015/11/afectoilustrado-300x200.jpg" alt="afectoilustrado" /></div></div>
</div></div>
</div>
</div>
</div>
</div>
</div>
<div id="cmsmasters_row_bf1ea3b196" class="cmsmasters_row cmsmasters_color_scheme_default cmsmasters_row_top_default cmsmasters_row_bot_default cmsmasters_row_boxed">
<div class="cmsmasters_row_outer_parent">
<div class="cmsmasters_row_outer">
<div class="cmsmasters_row_inner">
<div class="cmsmasters_row_margin">
<div id="cmsmasters_column_99a36f55dc" class="cmsmasters_column one_first">
<div class="cmsmasters_column_inner"><div class="cmsmasters_text">
<p>El Afecto Ilustradonace en el año 2012, concebido como un grupo de cámara innovador y versátil, cuya filosofía es presentar y acercar al público una interpretación historicista del repertorio comprendido entre los siglos XVII y XIX de una manera próxima y tangible.</p>
<p>Con formatos de concierto poco explorados, El Afecto Ilustrado está integrado por profesionales que despuntan en el panorama musical nacional e internacional. Sus componentes, activos en los principales grupos del país, en la docencia, o en la carrera solista, suponen un compendio de ideas y ópticas que convierten los proyectos del grupo en experiencias únicas e inspiradoras para el oyente.</p>
<p>El objetivo de El Afecto Ilustrado pasa pues, por presentar y difundir programas de un alto nivel de calidad interpretativa, precisión histórica y respeto a las fuentes originales, fruto de un proceso detallado de estudio de investigación musical e histórica.</p>
<p>Si bien la música europea de los siglos XVII al XIX ocupa un lugar importante dentro de las programaciones del ensamble, el patrimonio musical español e hispano del mismo período supone asimismo uno de los pilares del ensemble. La recuperación y difusión del mismo supone, pues, una preferencia para El Afecto Ilustrado, así como poner de relieve asuntos o hechos históricos, sociales o culturales que merecen un reconocimiento por parte de la sociedad, tanto a nivel canario, como español, europeo o hispanoamericano.</p>
<p>El Afecto Ilustrado ha participado, entre otros, en el ciclo de conciertos de la Biblioteca Nacional de España (BNE), ciclo de Música Antigua de la Catedral de Valencia, ciclo de conciertos de la Cidade da Cultura de Galicia-CDC, temporada de conciertos de la Sociedad Filarmónica de Vigo, festival de música de cámara Bal y Gay de Lugo, temporada de conciertos de la Sociedad Filarmónica de Pontevedra, ciclo de Música Sacra de S/C de Tenerife, festival de música de cámara de Villa de la Orotava, ciclo de conciertos de la Universidad de Verano de la ULL, ciclo de Música Antigua de la Casa de Colón en Las Palmas de Gran Canaria, ciclo de conciertos del Museo de Bellas Artes de S/C de Tenerife, ciclo de conciertos del Museo de Bellas Artes de A Coruña, festival de Música Religiosa de Canarias, ciclo de conciertos de la Real Academia Canaria de Bellas Artes (RACBA), etc.</p>
</div>
</div></div>
</div>
</div>
</div>
</div>
</div>

<p>Grupo de cámara especializado en repertorio entre los siglos XVII y XIX</p>

<!-- This site is optimized with the Yoast SEO plugin v18.6 - https://yoast.com/wordpress/plugins/seo/ -->
<title>El Afecto Ilustrado - Ciclo de Conciertos de Barcia de Mera</title>
<meta name="description" content="El Afecto Ilustradonace en el año 2012, grupo de cámara para acercar al público un repertorio comprendido entre los siglos XVII y XIX" />
<meta name="robots" content="index, follow, max-snippet:-1, max-image-preview:large, max-video-preview:-1" />
<link rel="canonical" href="http://cicloconciertosbarciademera.net/index.php/profile/afecto-ilustrado/" />
<meta property="og:locale" content="es_ES" />
<meta property="og:type" content="article" />
<meta property="og:title" content="El Afecto Ilustrado - Ciclo de Conciertos de Barcia de Mera" />
<meta property="og:description" content="El Afecto Ilustradonace en el año 2012, grupo de cámara para acercar al público un repertorio comprendido entre los siglos XVII y XIX" />
<meta property="og:url" content="http://cicloconciertosbarciademera.net/index.php/profile/afecto-ilustrado/" />
<meta property="og:site_name" content="Ciclo de Conciertos de Barcia de Mera" />
<meta property="article:modified_time" content="2022-04-29T22:39:16+00:00" />
<meta property="og:image" content="http://cicloconciertosbarciademera.net/wp-content/uploads/2015/11/afectoilustrado.jpg" />
	<meta property="og:image:width" content="714" />
	<meta property="og:image:height" content="476" />
	<meta property="og:image:type" content="image/jpeg" />
<meta name="twitter:card" content="summary_large_image" />
<meta name="twitter:label1" content="Tiempo de lectura" />
	<meta name="twitter:data1" content="3 minutos" />
<script type="application/ld+json" class="yoast-schema-graph">{"@context":"https://schema.org","@graph":[{"@type":"WebSite","@id":"http://cicloconciertosbarciademera.net/#website","url":"http://cicloconciertosbarciademera.net/","name":"Ciclo de Conciertos de Barcia de Mera","description":"","potentialAction":[{"@type":"SearchAction","target":{"@type":"EntryPoint","urlTemplate":"http://cicloconciertosbarciademera.net/?s={search_term_string}"},"query-input":"required name=search_term_string"}],"inLanguage":"es"},{"@type":"ImageObject","@id":"http://cicloconciertosbarciademera.net/index.php/profile/afecto-ilustrado/#primaryimage","inLanguage":"es","url":"http://cicloconciertosbarciademera.net/wp-content/uploads/2015/11/afectoilustrado.jpg","contentUrl":"http://cicloconciertosbarciademera.net/wp-content/uploads/2015/11/afectoilustrado.jpg","width":714,"height":476,"caption":"afectoilustrado"},{"@type":"WebPage","@id":"http://cicloconciertosbarciademera.net/index.php/profile/afecto-ilustrado/#webpage","url":"http://cicloconciertosbarciademera.net/index.php/profile/afecto-ilustrado/","name":"El Afecto Ilustrado - Ciclo de Conciertos de Barcia de Mera","isPartOf":{"@id":"http://cicloconciertosbarciademera.net/#website"},"primaryImageOfPage":{"@id":"http://cicloconciertosbarciademera.net/index.php/profile/afecto-ilustrado/#primaryimage"},"datePublished":"2015-11-26T14:39:54+00:00","dateModified":"2022-04-29T22:39:16+00:00","description":"El Afecto Ilustradonace en el año 2012, grupo de cámara para acercar al público un repertorio comprendido entre los siglos XVII y XIX","breadcrumb":{"@id":"http://cicloconciertosbarciademera.net/index.php/profile/afecto-ilustrado/#breadcrumb"},"inLanguage":"es","potentialAction":[{"@type":"ReadAction","target":["http://cicloconciertosbarciademera.net/index.php/profile/afecto-ilustrado/"]}]},{"@type":"BreadcrumbList","@id":"http://cicloconciertosbarciademera.net/index.php/profile/afecto-ilustrado/#breadcrumb","itemListElement":[{"@type":"ListItem","position":1,"name":"Home","item":"http://cicloconciertosbarciademera.net/"},{"@type":"ListItem","position":2,"name":"Profiles","item":"http://cicloconciertosbarciademera.net/index.php/profile/"},{"@type":"ListItem","position":3,"name":"El Afecto Ilustrado"}]}]}</script>
<!-- / Yoast SEO plugin. -->

El Afecto Ilustradonace en el año 2012, grupo de cámara para acercar al público un repertorio comprendido entre los siglos XVII y XIX
