{"id":14843,"date":"2017-06-29T07:05:16","date_gmt":"2017-06-29T07:05:16","guid":{"rendered":"http:\/\/theater.cmsmasters.net\/?post_type=profile&#038;p=14843"},"modified":"2022-04-28T18:03:26","modified_gmt":"2022-04-28T18:03:26","slug":"christian-borrelli","status":"publish","type":"profile","link":"http:\/\/cicloconciertosbarciademera.net\/index.php\/profile\/christian-borrelli\/","title":{"rendered":"Christian Borrelli"},"content":{"rendered":"<div id=\"cmsmasters_row_980b444028\" class=\"cmsmasters_row cmsmasters_color_scheme_default cmsmasters_row_top_default cmsmasters_row_bot_default cmsmasters_row_boxed\">\n<div class=\"cmsmasters_row_outer_parent\">\n<div class=\"cmsmasters_row_outer\">\n<div class=\"cmsmasters_row_inner\">\n<div class=\"cmsmasters_row_margin\">\n<div id=\"cmsmasters_column_cd7f22c285\" class=\"cmsmasters_column one_first\">\n<div class=\"cmsmasters_column_inner\"><div class=\"cmsmasters_img  cmsmasters_image_n with_caption\"><img decoding=\"async\" src=\"http:\/\/cicloconciertosbarciademera.net\/wp-content\/uploads\/2017\/06\/Christian-Borrelli-214x300.jpg\" alt=\"Christian Borrelli\" \/><p class=\"cmsmasters_img_caption\">Christian Borrelli<\/p><\/div>\n<\/div><\/div>\n<\/div>\n<\/div>\n<\/div>\n<\/div>\n<\/div>\n<div id=\"cmsmasters_row_06fcf7e6a5\" class=\"cmsmasters_row cmsmasters_color_scheme_default cmsmasters_row_top_default cmsmasters_row_bot_default cmsmasters_row_boxed\">\n<div class=\"cmsmasters_row_outer_parent\">\n<div class=\"cmsmasters_row_outer\">\n<div class=\"cmsmasters_row_inner\">\n<div class=\"cmsmasters_row_margin\">\n<div id=\"cmsmasters_column_7dbc8ae539\" class=\"cmsmasters_column one_first\">\n<div class=\"cmsmasters_column_inner\"><div class=\"cmsmasters_text\">\n<p>Licenciado en Medicina y especialista en Salud P\u00fablica, en 2016 aparca su carrera de m\u00e9dico para dedicarse ex profeso a la m\u00fasica, ingresando en la Escuela Superior de Canto de Madrid donde se forma de la mano de Cristina Gallardo-Dom\u00e2s, Pilar P\u00e9rez-\u00cd\u00f1igo y la repertorista Cristina Presmanes. Finalmente se instala en Alemania para estudiar con la mezzosoprano Mar\u00eda Jos\u00e9 Montiel en la prestigiosa Universit\u00e4t der K\u00fcnste Berl\u00edn.<br \/>\nHa sido premiado por los cert\u00e1menes Compostela L\u00edrica (2020) y el Concurso Internacional de Canto de Medinacelli (2019). Asimismo, ha sido galardonado con la prestigiosa Salvat Beca Bach y ha formado parte de la primera generaci\u00f3n CRESCENDO, proyecto liderado por el Teatro Real que apoya a prometedores cantantes en su emergente carrera musical.<br \/>\nHa participado en las programaciones del Teatro Real, el Auditorio Nacional, la Programaci\u00f3n L\u00edrica de A Coru\u00f1a, el Palacio de Festivales de Santander, el Auditorio Alfredo Kraus de Gran Canaria, el Auditorio de Galicia, el FIOCLE o la SMR de Cuenca. A nivel internacional, Christian Borrelli ha actuado en el Festival Monteverdi de Cremona y en el Bachfest de Leipzig.<\/p>\n<\/div>\n<\/div><\/div>\n<\/div>\n<\/div>\n<\/div>\n<\/div>\n<\/div>\n\n","protected":false},"excerpt":{"rendered":"<p>Galardonado Contratenor de reconocido prestigio nacional e internacional.<\/p>\n","protected":false},"featured_media":16036,"menu_order":0,"comment_status":"closed","ping_status":"open","template":"","meta":{"om_disable_all_campaigns":false,"_monsterinsights_skip_tracking":false,"_monsterinsights_sitenote_active":false,"_monsterinsights_sitenote_note":"","_monsterinsights_sitenote_category":0,"footnotes":""},"pl-categs":[69,76],"class_list":["post-14843","profile","type-profile","status-publish","has-post-thumbnail","hentry","pl-categs-contratenor","pl-categs-stabat-mater"],"yoast_head":"<!-- This site is optimized with the Yoast SEO plugin v18.6 - https:\/\/yoast.com\/wordpress\/plugins\/seo\/ -->\n<title>Christian Borrelli - Ciclo de Conciertos de Barcia de Mera<\/title>\n<meta name=\"robots\" content=\"index, follow, max-snippet:-1, max-image-preview:large, max-video-preview:-1\" \/>\n<link rel=\"canonical\" href=\"http:\/\/cicloconciertosbarciademera.net\/index.php\/profile\/christian-borrelli\/\" \/>\n<meta property=\"og:locale\" content=\"es_ES\" \/>\n<meta property=\"og:type\" content=\"article\" \/>\n<meta property=\"og:title\" content=\"Christian Borrelli - Ciclo de Conciertos de Barcia de Mera\" \/>\n<meta property=\"og:description\" content=\"Galardonado Contratenor de reconocido prestigio nacional e internacional.\" \/>\n<meta property=\"og:url\" content=\"http:\/\/cicloconciertosbarciademera.net\/index.php\/profile\/christian-borrelli\/\" \/>\n<meta property=\"og:site_name\" content=\"Ciclo de Conciertos de Barcia de Mera\" \/>\n<meta property=\"article:modified_time\" content=\"2022-04-28T18:03:26+00:00\" \/>\n<meta property=\"og:image\" content=\"http:\/\/cicloconciertosbarciademera.net\/wp-content\/uploads\/2017\/06\/Christian-Borrelli.jpg\" \/>\n\t<meta property=\"og:image:width\" content=\"1080\" \/>\n\t<meta property=\"og:image:height\" content=\"1513\" \/>\n\t<meta property=\"og:image:type\" content=\"image\/jpeg\" \/>\n<meta name=\"twitter:card\" content=\"summary_large_image\" \/>\n<meta name=\"twitter:label1\" content=\"Tiempo de lectura\" \/>\n\t<meta name=\"twitter:data1\" content=\"2 minutos\" \/>\n<script type=\"application\/ld+json\" class=\"yoast-schema-graph\">{\"@context\":\"https:\/\/schema.org\",\"@graph\":[{\"@type\":\"WebSite\",\"@id\":\"http:\/\/cicloconciertosbarciademera.net\/#website\",\"url\":\"http:\/\/cicloconciertosbarciademera.net\/\",\"name\":\"Ciclo de Conciertos de Barcia de Mera\",\"description\":\"\",\"potentialAction\":[{\"@type\":\"SearchAction\",\"target\":{\"@type\":\"EntryPoint\",\"urlTemplate\":\"http:\/\/cicloconciertosbarciademera.net\/?s={search_term_string}\"},\"query-input\":\"required name=search_term_string\"}],\"inLanguage\":\"es\"},{\"@type\":\"ImageObject\",\"@id\":\"http:\/\/cicloconciertosbarciademera.net\/index.php\/profile\/christian-borrelli\/#primaryimage\",\"inLanguage\":\"es\",\"url\":\"http:\/\/cicloconciertosbarciademera.net\/wp-content\/uploads\/2017\/06\/Christian-Borrelli.jpg\",\"contentUrl\":\"http:\/\/cicloconciertosbarciademera.net\/wp-content\/uploads\/2017\/06\/Christian-Borrelli.jpg\",\"width\":1080,\"height\":1513,\"caption\":\"Christian Borrelli\"},{\"@type\":\"WebPage\",\"@id\":\"http:\/\/cicloconciertosbarciademera.net\/index.php\/profile\/christian-borrelli\/#webpage\",\"url\":\"http:\/\/cicloconciertosbarciademera.net\/index.php\/profile\/christian-borrelli\/\",\"name\":\"Christian Borrelli - Ciclo de Conciertos de Barcia de Mera\",\"isPartOf\":{\"@id\":\"http:\/\/cicloconciertosbarciademera.net\/#website\"},\"primaryImageOfPage\":{\"@id\":\"http:\/\/cicloconciertosbarciademera.net\/index.php\/profile\/christian-borrelli\/#primaryimage\"},\"datePublished\":\"2017-06-29T07:05:16+00:00\",\"dateModified\":\"2022-04-28T18:03:26+00:00\",\"breadcrumb\":{\"@id\":\"http:\/\/cicloconciertosbarciademera.net\/index.php\/profile\/christian-borrelli\/#breadcrumb\"},\"inLanguage\":\"es\",\"potentialAction\":[{\"@type\":\"ReadAction\",\"target\":[\"http:\/\/cicloconciertosbarciademera.net\/index.php\/profile\/christian-borrelli\/\"]}]},{\"@type\":\"BreadcrumbList\",\"@id\":\"http:\/\/cicloconciertosbarciademera.net\/index.php\/profile\/christian-borrelli\/#breadcrumb\",\"itemListElement\":[{\"@type\":\"ListItem\",\"position\":1,\"name\":\"Home\",\"item\":\"http:\/\/cicloconciertosbarciademera.net\/\"},{\"@type\":\"ListItem\",\"position\":2,\"name\":\"Profiles\",\"item\":\"http:\/\/cicloconciertosbarciademera.net\/index.php\/profile\/\"},{\"@type\":\"ListItem\",\"position\":3,\"name\":\"Christian Borrelli\"}]}]}<\/script>\n<!-- \/ Yoast SEO plugin. -->","yoast_head_json":{"title":"Christian Borrelli - Ciclo de Conciertos de Barcia de Mera","robots":{"index":"index","follow":"follow","max-snippet":"max-snippet:-1","max-image-preview":"max-image-preview:large","max-video-preview":"max-video-preview:-1"},"canonical":"http:\/\/cicloconciertosbarciademera.net\/index.php\/profile\/christian-borrelli\/","og_locale":"es_ES","og_type":"article","og_title":"Christian Borrelli - Ciclo de Conciertos de Barcia de Mera","og_description":"Galardonado Contratenor de reconocido prestigio nacional e internacional.","og_url":"http:\/\/cicloconciertosbarciademera.net\/index.php\/profile\/christian-borrelli\/","og_site_name":"Ciclo de Conciertos de Barcia de Mera","article_modified_time":"2022-04-28T18:03:26+00:00","og_image":[{"width":1080,"height":1513,"url":"http:\/\/cicloconciertosbarciademera.net\/wp-content\/uploads\/2017\/06\/Christian-Borrelli.jpg","type":"image\/jpeg"}],"twitter_card":"summary_large_image","twitter_misc":{"Tiempo de lectura":"2 minutos"},"schema":{"@context":"https:\/\/schema.org","@graph":[{"@type":"WebSite","@id":"http:\/\/cicloconciertosbarciademera.net\/#website","url":"http:\/\/cicloconciertosbarciademera.net\/","name":"Ciclo de Conciertos de Barcia de Mera","description":"","potentialAction":[{"@type":"SearchAction","target":{"@type":"EntryPoint","urlTemplate":"http:\/\/cicloconciertosbarciademera.net\/?s={search_term_string}"},"query-input":"required name=search_term_string"}],"inLanguage":"es"},{"@type":"ImageObject","@id":"http:\/\/cicloconciertosbarciademera.net\/index.php\/profile\/christian-borrelli\/#primaryimage","inLanguage":"es","url":"http:\/\/cicloconciertosbarciademera.net\/wp-content\/uploads\/2017\/06\/Christian-Borrelli.jpg","contentUrl":"http:\/\/cicloconciertosbarciademera.net\/wp-content\/uploads\/2017\/06\/Christian-Borrelli.jpg","width":1080,"height":1513,"caption":"Christian Borrelli"},{"@type":"WebPage","@id":"http:\/\/cicloconciertosbarciademera.net\/index.php\/profile\/christian-borrelli\/#webpage","url":"http:\/\/cicloconciertosbarciademera.net\/index.php\/profile\/christian-borrelli\/","name":"Christian Borrelli - Ciclo de Conciertos de Barcia de Mera","isPartOf":{"@id":"http:\/\/cicloconciertosbarciademera.net\/#website"},"primaryImageOfPage":{"@id":"http:\/\/cicloconciertosbarciademera.net\/index.php\/profile\/christian-borrelli\/#primaryimage"},"datePublished":"2017-06-29T07:05:16+00:00","dateModified":"2022-04-28T18:03:26+00:00","breadcrumb":{"@id":"http:\/\/cicloconciertosbarciademera.net\/index.php\/profile\/christian-borrelli\/#breadcrumb"},"inLanguage":"es","potentialAction":[{"@type":"ReadAction","target":["http:\/\/cicloconciertosbarciademera.net\/index.php\/profile\/christian-borrelli\/"]}]},{"@type":"BreadcrumbList","@id":"http:\/\/cicloconciertosbarciademera.net\/index.php\/profile\/christian-borrelli\/#breadcrumb","itemListElement":[{"@type":"ListItem","position":1,"name":"Home","item":"http:\/\/cicloconciertosbarciademera.net\/"},{"@type":"ListItem","position":2,"name":"Profiles","item":"http:\/\/cicloconciertosbarciademera.net\/index.php\/profile\/"},{"@type":"ListItem","position":3,"name":"Christian Borrelli"}]}]}},"_links":{"self":[{"href":"http:\/\/cicloconciertosbarciademera.net\/index.php\/wp-json\/wp\/v2\/profile\/14843","targetHints":{"allow":["GET"]}}],"collection":[{"href":"http:\/\/cicloconciertosbarciademera.net\/index.php\/wp-json\/wp\/v2\/profile"}],"about":[{"href":"http:\/\/cicloconciertosbarciademera.net\/index.php\/wp-json\/wp\/v2\/types\/profile"}],"replies":[{"embeddable":true,"href":"http:\/\/cicloconciertosbarciademera.net\/index.php\/wp-json\/wp\/v2\/comments?post=14843"}],"version-history":[{"count":6,"href":"http:\/\/cicloconciertosbarciademera.net\/index.php\/wp-json\/wp\/v2\/profile\/14843\/revisions"}],"predecessor-version":[{"id":16048,"href":"http:\/\/cicloconciertosbarciademera.net\/index.php\/wp-json\/wp\/v2\/profile\/14843\/revisions\/16048"}],"wp:featuredmedia":[{"embeddable":true,"href":"http:\/\/cicloconciertosbarciademera.net\/index.php\/wp-json\/wp\/v2\/media\/16036"}],"wp:attachment":[{"href":"http:\/\/cicloconciertosbarciademera.net\/index.php\/wp-json\/wp\/v2\/media?parent=14843"}],"wp:term":[{"taxonomy":"pl-categs","embeddable":true,"href":"http:\/\/cicloconciertosbarciademera.net\/index.php\/wp-json\/wp\/v2\/pl-categs?post=14843"}],"curies":[{"name":"wp","href":"https:\/\/api.w.org\/{rel}","templated":true}]}}

<div id="cmsmasters_row_980b444028" class="cmsmasters_row cmsmasters_color_scheme_default cmsmasters_row_top_default cmsmasters_row_bot_default cmsmasters_row_boxed">
<div class="cmsmasters_row_outer_parent">
<div class="cmsmasters_row_outer">
<div class="cmsmasters_row_inner">
<div class="cmsmasters_row_margin">
<div id="cmsmasters_column_cd7f22c285" class="cmsmasters_column one_first">
<div class="cmsmasters_column_inner"><div class="cmsmasters_img  cmsmasters_image_n with_caption"><img decoding="async" src="http://cicloconciertosbarciademera.net/wp-content/uploads/2017/06/Christian-Borrelli-214x300.jpg" alt="Christian Borrelli" /><p class="cmsmasters_img_caption">Christian Borrelli</p></div>
</div></div>
</div>
</div>
</div>
</div>
</div>
<div id="cmsmasters_row_06fcf7e6a5" class="cmsmasters_row cmsmasters_color_scheme_default cmsmasters_row_top_default cmsmasters_row_bot_default cmsmasters_row_boxed">
<div class="cmsmasters_row_outer_parent">
<div class="cmsmasters_row_outer">
<div class="cmsmasters_row_inner">
<div class="cmsmasters_row_margin">
<div id="cmsmasters_column_7dbc8ae539" class="cmsmasters_column one_first">
<div class="cmsmasters_column_inner"><div class="cmsmasters_text">
<p>Licenciado en Medicina y especialista en Salud Pública, en 2016 aparca su carrera de médico para dedicarse ex profeso a la música, ingresando en la Escuela Superior de Canto de Madrid donde se forma de la mano de Cristina Gallardo-Domâs, Pilar Pérez-Íñigo y la repertorista Cristina Presmanes. Finalmente se instala en Alemania para estudiar con la mezzosoprano María José Montiel en la prestigiosa Universität der Künste Berlín.<br />
Ha sido premiado por los certámenes Compostela Lírica (2020) y el Concurso Internacional de Canto de Medinacelli (2019). Asimismo, ha sido galardonado con la prestigiosa Salvat Beca Bach y ha formado parte de la primera generación CRESCENDO, proyecto liderado por el Teatro Real que apoya a prometedores cantantes en su emergente carrera musical.<br />
Ha participado en las programaciones del Teatro Real, el Auditorio Nacional, la Programación Lírica de A Coruña, el Palacio de Festivales de Santander, el Auditorio Alfredo Kraus de Gran Canaria, el Auditorio de Galicia, el FIOCLE o la SMR de Cuenca. A nivel internacional, Christian Borrelli ha actuado en el Festival Monteverdi de Cremona y en el Bachfest de Leipzig.</p>
</div>
</div></div>
</div>
</div>
</div>
</div>
</div>
