{"id":11025,"date":"2016-06-09T12:00:48","date_gmt":"2016-06-09T12:00:48","guid":{"rendered":"http:\/\/eco-press.cmsmasters.net\/?post_type=profile&#038;p=11025"},"modified":"2022-04-28T18:06:46","modified_gmt":"2022-04-28T18:06:46","slug":"stamen-nikolov","status":"publish","type":"profile","link":"http:\/\/cicloconciertosbarciademera.net\/index.php\/profile\/stamen-nikolov\/","title":{"rendered":"Stamen Nikolov"},"content":{"rendered":"<div id=\"cmsmasters_row_658516cfd4\" class=\"cmsmasters_row cmsmasters_color_scheme_default cmsmasters_row_top_default cmsmasters_row_bot_default cmsmasters_row_boxed\">\n<div class=\"cmsmasters_row_outer_parent\">\n<div class=\"cmsmasters_row_outer\">\n<div class=\"cmsmasters_row_inner\">\n<div class=\"cmsmasters_row_margin\">\n<div id=\"cmsmasters_column_f6b74446c5\" class=\"cmsmasters_column one_first\">\n<div class=\"cmsmasters_column_inner\"><div class=\"aligncenter\"><div class=\"cmsmasters_img  cmsmasters_image_c\"><img decoding=\"async\" src=\"http:\/\/cicloconciertosbarciademera.net\/wp-content\/uploads\/2016\/06\/stamen-nikolov-300x207.png\" alt=\"stamen-nikolov\" \/><\/div><\/div>\n<\/div><\/div>\n<\/div>\n<\/div>\n<\/div>\n<\/div>\n<\/div>\n<div id=\"cmsmasters_row_173e2589a7\" class=\"cmsmasters_row cmsmasters_color_scheme_default cmsmasters_row_top_default cmsmasters_row_bot_default cmsmasters_row_boxed\">\n<div class=\"cmsmasters_row_outer_parent\">\n<div class=\"cmsmasters_row_outer\">\n<div class=\"cmsmasters_row_inner\">\n<div class=\"cmsmasters_row_margin\">\n<div id=\"cmsmasters_column_1f8d2e440a\" class=\"cmsmasters_column one_first\">\n<div class=\"cmsmasters_column_inner\"><div class=\"cmsmasters_text\">\n<p>Empieza sus estudios musicales a los 5 a\u00f1os en la Escuela Nacional de M\u00fasica en Rousse-Bulgaria. Contin\u00faa sus estudios en la Academia Nacional de M\u00fasica Pancho Vladigerov en Sofia. Se traslada a Madrid para estudiar con Gunter Pichler (Cuarteto Alban Berg) en el Instituto Internacional de M\u00fasica Reina Sofia. En 2003 gana el primer premio en International Youth Competition Hopes, Talents, Masters en Dobrich-Albena. En 2004 gana el primer premio en International Cello Competition Svetoslav Obretenov.<br \/>\nStamen ha participado en las clases magistrales de Robert Cohen, Anton Nicolescu, Ksenya Yankovich, David Quigal, Maria Kligel, Hristo Tanev, Rineke Smilde, Anatoly Krastev. Tambi\u00e9n particip\u00f3 en los festivales como Academia Internacional de Verano en Semmering, Orpheus, Festival y Academia en Viena, Ost-West Musikfest en St.Polen , Austria. Festival Internacional de M\u00fasica de C\u00e1mara \u2018EUART\u2019 en Praga (Rep\u00fablica Checa), Interlaken Classics en Suiza, Verano en Varna, Academia Internacional Marzo M\u00fasicos D\u00edas en Rousse, Bulgaria.<\/p>\n<\/div>\n<\/div><\/div>\n<\/div>\n<\/div>\n<\/div>\n<\/div>\n<\/div>\n\n","protected":false},"excerpt":{"rendered":"<p>Stamen Nikolov &#8211; Violonchelista del Cuarteto Assai<\/p>\n","protected":false},"featured_media":16054,"menu_order":0,"comment_status":"closed","ping_status":"open","template":"","meta":{"om_disable_all_campaigns":false,"_monsterinsights_skip_tracking":false,"_monsterinsights_sitenote_active":false,"_monsterinsights_sitenote_note":"","_monsterinsights_sitenote_category":0,"footnotes":""},"pl-categs":[81,80],"class_list":["post-11025","profile","type-profile","status-publish","has-post-thumbnail","hentry","pl-categs-cuarteto-assai","pl-categs-cello"],"yoast_head":"<!-- This site is optimized with the Yoast SEO plugin v18.6 - https:\/\/yoast.com\/wordpress\/plugins\/seo\/ -->\n<title>Stamen Nikolov - Ciclo de Conciertos de Barcia de Mera<\/title>\n<meta name=\"description\" content=\"Stamen Nikolov - Violonchelista del Cuarteto Assai\" \/>\n<meta name=\"robots\" content=\"index, follow, max-snippet:-1, max-image-preview:large, max-video-preview:-1\" \/>\n<link rel=\"canonical\" href=\"http:\/\/cicloconciertosbarciademera.net\/index.php\/profile\/stamen-nikolov\/\" \/>\n<meta property=\"og:locale\" content=\"es_ES\" \/>\n<meta property=\"og:type\" content=\"article\" \/>\n<meta property=\"og:title\" content=\"Stamen Nikolov - Ciclo de Conciertos de Barcia de Mera\" \/>\n<meta property=\"og:description\" content=\"Stamen Nikolov - Violonchelista del Cuarteto Assai\" \/>\n<meta property=\"og:url\" content=\"http:\/\/cicloconciertosbarciademera.net\/index.php\/profile\/stamen-nikolov\/\" \/>\n<meta property=\"og:site_name\" content=\"Ciclo de Conciertos de Barcia de Mera\" \/>\n<meta property=\"article:modified_time\" content=\"2022-04-28T18:06:46+00:00\" \/>\n<meta property=\"og:image\" content=\"http:\/\/cicloconciertosbarciademera.net\/wp-content\/uploads\/2016\/06\/stamen-nikolov.png\" \/>\n\t<meta property=\"og:image:width\" content=\"859\" \/>\n\t<meta property=\"og:image:height\" content=\"592\" \/>\n\t<meta property=\"og:image:type\" content=\"image\/png\" \/>\n<meta name=\"twitter:card\" content=\"summary_large_image\" \/>\n<meta name=\"twitter:label1\" content=\"Tiempo de lectura\" \/>\n\t<meta name=\"twitter:data1\" content=\"2 minutos\" \/>\n<script type=\"application\/ld+json\" class=\"yoast-schema-graph\">{\"@context\":\"https:\/\/schema.org\",\"@graph\":[{\"@type\":\"WebSite\",\"@id\":\"http:\/\/cicloconciertosbarciademera.net\/#website\",\"url\":\"http:\/\/cicloconciertosbarciademera.net\/\",\"name\":\"Ciclo de Conciertos de Barcia de Mera\",\"description\":\"\",\"potentialAction\":[{\"@type\":\"SearchAction\",\"target\":{\"@type\":\"EntryPoint\",\"urlTemplate\":\"http:\/\/cicloconciertosbarciademera.net\/?s={search_term_string}\"},\"query-input\":\"required name=search_term_string\"}],\"inLanguage\":\"es\"},{\"@type\":\"ImageObject\",\"@id\":\"http:\/\/cicloconciertosbarciademera.net\/index.php\/profile\/stamen-nikolov\/#primaryimage\",\"inLanguage\":\"es\",\"url\":\"http:\/\/cicloconciertosbarciademera.net\/wp-content\/uploads\/2016\/06\/stamen-nikolov.png\",\"contentUrl\":\"http:\/\/cicloconciertosbarciademera.net\/wp-content\/uploads\/2016\/06\/stamen-nikolov.png\",\"width\":859,\"height\":592,\"caption\":\"stamen-nikolov\"},{\"@type\":\"WebPage\",\"@id\":\"http:\/\/cicloconciertosbarciademera.net\/index.php\/profile\/stamen-nikolov\/#webpage\",\"url\":\"http:\/\/cicloconciertosbarciademera.net\/index.php\/profile\/stamen-nikolov\/\",\"name\":\"Stamen Nikolov - Ciclo de Conciertos de Barcia de Mera\",\"isPartOf\":{\"@id\":\"http:\/\/cicloconciertosbarciademera.net\/#website\"},\"primaryImageOfPage\":{\"@id\":\"http:\/\/cicloconciertosbarciademera.net\/index.php\/profile\/stamen-nikolov\/#primaryimage\"},\"datePublished\":\"2016-06-09T12:00:48+00:00\",\"dateModified\":\"2022-04-28T18:06:46+00:00\",\"description\":\"Stamen Nikolov - Violonchelista del Cuarteto Assai\",\"breadcrumb\":{\"@id\":\"http:\/\/cicloconciertosbarciademera.net\/index.php\/profile\/stamen-nikolov\/#breadcrumb\"},\"inLanguage\":\"es\",\"potentialAction\":[{\"@type\":\"ReadAction\",\"target\":[\"http:\/\/cicloconciertosbarciademera.net\/index.php\/profile\/stamen-nikolov\/\"]}]},{\"@type\":\"BreadcrumbList\",\"@id\":\"http:\/\/cicloconciertosbarciademera.net\/index.php\/profile\/stamen-nikolov\/#breadcrumb\",\"itemListElement\":[{\"@type\":\"ListItem\",\"position\":1,\"name\":\"Home\",\"item\":\"http:\/\/cicloconciertosbarciademera.net\/\"},{\"@type\":\"ListItem\",\"position\":2,\"name\":\"Profiles\",\"item\":\"http:\/\/cicloconciertosbarciademera.net\/index.php\/profile\/\"},{\"@type\":\"ListItem\",\"position\":3,\"name\":\"Stamen Nikolov\"}]}]}<\/script>\n<!-- \/ Yoast SEO plugin. -->","yoast_head_json":{"title":"Stamen Nikolov - Ciclo de Conciertos de Barcia de Mera","description":"Stamen Nikolov - Violonchelista del Cuarteto Assai","robots":{"index":"index","follow":"follow","max-snippet":"max-snippet:-1","max-image-preview":"max-image-preview:large","max-video-preview":"max-video-preview:-1"},"canonical":"http:\/\/cicloconciertosbarciademera.net\/index.php\/profile\/stamen-nikolov\/","og_locale":"es_ES","og_type":"article","og_title":"Stamen Nikolov - Ciclo de Conciertos de Barcia de Mera","og_description":"Stamen Nikolov - Violonchelista del Cuarteto Assai","og_url":"http:\/\/cicloconciertosbarciademera.net\/index.php\/profile\/stamen-nikolov\/","og_site_name":"Ciclo de Conciertos de Barcia de Mera","article_modified_time":"2022-04-28T18:06:46+00:00","og_image":[{"width":859,"height":592,"url":"http:\/\/cicloconciertosbarciademera.net\/wp-content\/uploads\/2016\/06\/stamen-nikolov.png","type":"image\/png"}],"twitter_card":"summary_large_image","twitter_misc":{"Tiempo de lectura":"2 minutos"},"schema":{"@context":"https:\/\/schema.org","@graph":[{"@type":"WebSite","@id":"http:\/\/cicloconciertosbarciademera.net\/#website","url":"http:\/\/cicloconciertosbarciademera.net\/","name":"Ciclo de Conciertos de Barcia de Mera","description":"","potentialAction":[{"@type":"SearchAction","target":{"@type":"EntryPoint","urlTemplate":"http:\/\/cicloconciertosbarciademera.net\/?s={search_term_string}"},"query-input":"required name=search_term_string"}],"inLanguage":"es"},{"@type":"ImageObject","@id":"http:\/\/cicloconciertosbarciademera.net\/index.php\/profile\/stamen-nikolov\/#primaryimage","inLanguage":"es","url":"http:\/\/cicloconciertosbarciademera.net\/wp-content\/uploads\/2016\/06\/stamen-nikolov.png","contentUrl":"http:\/\/cicloconciertosbarciademera.net\/wp-content\/uploads\/2016\/06\/stamen-nikolov.png","width":859,"height":592,"caption":"stamen-nikolov"},{"@type":"WebPage","@id":"http:\/\/cicloconciertosbarciademera.net\/index.php\/profile\/stamen-nikolov\/#webpage","url":"http:\/\/cicloconciertosbarciademera.net\/index.php\/profile\/stamen-nikolov\/","name":"Stamen Nikolov - Ciclo de Conciertos de Barcia de Mera","isPartOf":{"@id":"http:\/\/cicloconciertosbarciademera.net\/#website"},"primaryImageOfPage":{"@id":"http:\/\/cicloconciertosbarciademera.net\/index.php\/profile\/stamen-nikolov\/#primaryimage"},"datePublished":"2016-06-09T12:00:48+00:00","dateModified":"2022-04-28T18:06:46+00:00","description":"Stamen Nikolov - Violonchelista del Cuarteto Assai","breadcrumb":{"@id":"http:\/\/cicloconciertosbarciademera.net\/index.php\/profile\/stamen-nikolov\/#breadcrumb"},"inLanguage":"es","potentialAction":[{"@type":"ReadAction","target":["http:\/\/cicloconciertosbarciademera.net\/index.php\/profile\/stamen-nikolov\/"]}]},{"@type":"BreadcrumbList","@id":"http:\/\/cicloconciertosbarciademera.net\/index.php\/profile\/stamen-nikolov\/#breadcrumb","itemListElement":[{"@type":"ListItem","position":1,"name":"Home","item":"http:\/\/cicloconciertosbarciademera.net\/"},{"@type":"ListItem","position":2,"name":"Profiles","item":"http:\/\/cicloconciertosbarciademera.net\/index.php\/profile\/"},{"@type":"ListItem","position":3,"name":"Stamen Nikolov"}]}]}},"_links":{"self":[{"href":"http:\/\/cicloconciertosbarciademera.net\/index.php\/wp-json\/wp\/v2\/profile\/11025","targetHints":{"allow":["GET"]}}],"collection":[{"href":"http:\/\/cicloconciertosbarciademera.net\/index.php\/wp-json\/wp\/v2\/profile"}],"about":[{"href":"http:\/\/cicloconciertosbarciademera.net\/index.php\/wp-json\/wp\/v2\/types\/profile"}],"replies":[{"embeddable":true,"href":"http:\/\/cicloconciertosbarciademera.net\/index.php\/wp-json\/wp\/v2\/comments?post=11025"}],"version-history":[{"count":3,"href":"http:\/\/cicloconciertosbarciademera.net\/index.php\/wp-json\/wp\/v2\/profile\/11025\/revisions"}],"predecessor-version":[{"id":16056,"href":"http:\/\/cicloconciertosbarciademera.net\/index.php\/wp-json\/wp\/v2\/profile\/11025\/revisions\/16056"}],"wp:featuredmedia":[{"embeddable":true,"href":"http:\/\/cicloconciertosbarciademera.net\/index.php\/wp-json\/wp\/v2\/media\/16054"}],"wp:attachment":[{"href":"http:\/\/cicloconciertosbarciademera.net\/index.php\/wp-json\/wp\/v2\/media?parent=11025"}],"wp:term":[{"taxonomy":"pl-categs","embeddable":true,"href":"http:\/\/cicloconciertosbarciademera.net\/index.php\/wp-json\/wp\/v2\/pl-categs?post=11025"}],"curies":[{"name":"wp","href":"https:\/\/api.w.org\/{rel}","templated":true}]}}

<div id="cmsmasters_row_658516cfd4" class="cmsmasters_row cmsmasters_color_scheme_default cmsmasters_row_top_default cmsmasters_row_bot_default cmsmasters_row_boxed">
<div class="cmsmasters_row_outer_parent">
<div class="cmsmasters_row_outer">
<div class="cmsmasters_row_inner">
<div class="cmsmasters_row_margin">
<div id="cmsmasters_column_f6b74446c5" class="cmsmasters_column one_first">
<div class="cmsmasters_column_inner"><div class="aligncenter"><div class="cmsmasters_img  cmsmasters_image_c"><img decoding="async" src="http://cicloconciertosbarciademera.net/wp-content/uploads/2016/06/stamen-nikolov-300x207.png" alt="stamen-nikolov" /></div></div>
</div></div>
</div>
</div>
</div>
</div>
</div>
<div id="cmsmasters_row_173e2589a7" class="cmsmasters_row cmsmasters_color_scheme_default cmsmasters_row_top_default cmsmasters_row_bot_default cmsmasters_row_boxed">
<div class="cmsmasters_row_outer_parent">
<div class="cmsmasters_row_outer">
<div class="cmsmasters_row_inner">
<div class="cmsmasters_row_margin">
<div id="cmsmasters_column_1f8d2e440a" class="cmsmasters_column one_first">
<div class="cmsmasters_column_inner"><div class="cmsmasters_text">
<p>Empieza sus estudios musicales a los 5 años en la Escuela Nacional de Música en Rousse-Bulgaria. Continúa sus estudios en la Academia Nacional de Música Pancho Vladigerov en Sofia. Se traslada a Madrid para estudiar con Gunter Pichler (Cuarteto Alban Berg) en el Instituto Internacional de Música Reina Sofia. En 2003 gana el primer premio en International Youth Competition Hopes, Talents, Masters en Dobrich-Albena. En 2004 gana el primer premio en International Cello Competition Svetoslav Obretenov.<br />
Stamen ha participado en las clases magistrales de Robert Cohen, Anton Nicolescu, Ksenya Yankovich, David Quigal, Maria Kligel, Hristo Tanev, Rineke Smilde, Anatoly Krastev. También participó en los festivales como Academia Internacional de Verano en Semmering, Orpheus, Festival y Academia en Viena, Ost-West Musikfest en St.Polen , Austria. Festival Internacional de Música de Cámara ‘EUART’ en Praga (República Checa), Interlaken Classics en Suiza, Verano en Varna, Academia Internacional Marzo Músicos Días en Rousse, Bulgaria.</p>
</div>
</div></div>
</div>
</div>
</div>
</div>
</div>
