{"id":11023,"date":"2016-06-09T12:00:09","date_gmt":"2016-06-09T12:00:09","guid":{"rendered":"http:\/\/eco-press.cmsmasters.net\/?post_type=profile&#038;p=11023"},"modified":"2022-04-28T18:02:05","modified_gmt":"2022-04-28T18:02:05","slug":"pedro-michel","status":"publish","type":"profile","link":"http:\/\/cicloconciertosbarciademera.net\/index.php\/profile\/pedro-michel\/","title":{"rendered":"Pedro Michel"},"content":{"rendered":"<div id=\"cmsmasters_row_ea0601e486\" class=\"cmsmasters_row cmsmasters_color_scheme_default cmsmasters_row_top_default cmsmasters_row_bot_default cmsmasters_row_boxed\">\n<div class=\"cmsmasters_row_outer_parent\">\n<div class=\"cmsmasters_row_outer\">\n<div class=\"cmsmasters_row_inner\">\n<div class=\"cmsmasters_row_margin\">\n<div id=\"cmsmasters_column_80794a87cb\" class=\"cmsmasters_column one_first\">\n<div class=\"cmsmasters_column_inner\"><div class=\"aligncenter\"><div class=\"cmsmasters_img  cmsmasters_image_c\"><img decoding=\"async\" src=\"http:\/\/cicloconciertosbarciademera.net\/wp-content\/uploads\/2016\/06\/pedro-michel-300x199.jpg\" alt=\"pedro-michel\" \/><\/div><\/div>\n<\/div><\/div>\n<\/div>\n<\/div>\n<\/div>\n<\/div>\n<\/div>\n<div id=\"cmsmasters_row_3f93342c38\" class=\"cmsmasters_row cmsmasters_color_scheme_default cmsmasters_row_top_default cmsmasters_row_bot_default cmsmasters_row_boxed\">\n<div class=\"cmsmasters_row_outer_parent\">\n<div class=\"cmsmasters_row_outer\">\n<div class=\"cmsmasters_row_inner\">\n<div class=\"cmsmasters_row_margin\">\n<div id=\"cmsmasters_column_308b8e8b5d\" class=\"cmsmasters_column one_first\">\n<div class=\"cmsmasters_column_inner\"><div class=\"cmsmasters_text\">\n<p>Curs\u00f3 sus primeros estudios musicales en la Escuela de Arte de Santa Clara, Cuba. En 1986 termin\u00f3 el Nivel Medio de Viola en la Escuela Nacional de Arte de La Habana. En 1991, luego de culminar con diploma de oro su especializaci\u00f3n en el Instituto Superior de Arte, entr\u00f3 a formar parte de la Orquesta de C\u00e1mara de La Habana, con la que realiz\u00f3 numerosos conciertos como solista.<br \/>\nDesde 1994 hasta 1996 estuvo desempe\u00f1\u00e1ndose como viola solista y profesor en la Orquesta Sinf\u00f3nica de Carabobo, Venezuela. A partir de este a\u00f1o, y hasta 2002, fue profesor de viol\u00edn, viola y m\u00fasica de c\u00e1mara en el Conservatorio de Cali, Colombia y Director de la Orquesta de estudiantes. En este mismo per\u00edodo form\u00f3 parte de la Orquesta Sinf\u00f3nica del Valle como primera viola.<br \/>\nActualmente radica en Madrid. Fue miembro del cuarteto \u00abDiapente\u00bb y ha realizado colaboraciones con destacadas agrupacionas como la Orquesta \u00abPhilharmonia\u00bb en Italia, la Sinf\u00f3nica de Madrid, la orquesta \u00abAndr\u00e9s Segovia\u00bb, la Orquesta de la Comunidad de Madrid y la Sinf\u00f3nica de Galicia, entre otras&#8230;<br \/>\nTambi\u00e9n ha participado en numerosas grabaciones musicales y conciertos en prestigiosas salas como el Auditorio Nacional de M\u00fasica, Teatro Real (Madrid), Teatro Teresa Carre\u00f1o (Venezuela. Destaca su participaci\u00f3n como violista en la grabaci\u00f3n del disco \u00abQuartets for Guitars, Flute and Strings\u00bb de Ferdinand Rebay, para el sello \u00abBrilliant Classics\u00bb junto al guitarrista Gonzalo Noqu\u00e9.<\/p>\n<\/div>\n<\/div><\/div>\n<\/div>\n<\/div>\n<\/div>\n<\/div>\n<\/div>\n\n","protected":false},"excerpt":{"rendered":"<p>Pedro Michel &#8211; Violista del Cuarteto Assai.<\/p>\n","protected":false},"featured_media":16061,"menu_order":0,"comment_status":"closed","ping_status":"open","template":"","meta":{"om_disable_all_campaigns":false,"_monsterinsights_skip_tracking":false,"_monsterinsights_sitenote_active":false,"_monsterinsights_sitenote_note":"","_monsterinsights_sitenote_category":0,"footnotes":""},"pl-categs":[81,78],"class_list":["post-11023","profile","type-profile","status-publish","has-post-thumbnail","hentry","pl-categs-cuarteto-assai","pl-categs-viola"],"yoast_head":"<!-- This site is optimized with the Yoast SEO plugin v18.6 - https:\/\/yoast.com\/wordpress\/plugins\/seo\/ -->\n<title>Pedro Michel - Ciclo de Conciertos de Barcia de Mera<\/title>\n<meta name=\"description\" content=\"Pedro Michel - Violista del Cuarteto Assai.\" \/>\n<meta name=\"robots\" content=\"index, follow, max-snippet:-1, max-image-preview:large, max-video-preview:-1\" \/>\n<link rel=\"canonical\" href=\"http:\/\/cicloconciertosbarciademera.net\/index.php\/profile\/pedro-michel\/\" \/>\n<meta property=\"og:locale\" content=\"es_ES\" \/>\n<meta property=\"og:type\" content=\"article\" \/>\n<meta property=\"og:title\" content=\"Pedro Michel - Ciclo de Conciertos de Barcia de Mera\" \/>\n<meta property=\"og:description\" content=\"Pedro Michel - Violista del Cuarteto Assai.\" \/>\n<meta property=\"og:url\" content=\"http:\/\/cicloconciertosbarciademera.net\/index.php\/profile\/pedro-michel\/\" \/>\n<meta property=\"og:site_name\" content=\"Ciclo de Conciertos de Barcia de Mera\" \/>\n<meta property=\"article:modified_time\" content=\"2022-04-28T18:02:05+00:00\" \/>\n<meta property=\"og:image\" content=\"http:\/\/cicloconciertosbarciademera.net\/wp-content\/uploads\/2016\/06\/pedro-michel-scaled.jpg\" \/>\n\t<meta property=\"og:image:width\" content=\"2560\" \/>\n\t<meta property=\"og:image:height\" content=\"1700\" \/>\n\t<meta property=\"og:image:type\" content=\"image\/jpeg\" \/>\n<meta name=\"twitter:card\" content=\"summary_large_image\" \/>\n<meta name=\"twitter:label1\" content=\"Tiempo de lectura\" \/>\n\t<meta name=\"twitter:data1\" content=\"2 minutos\" \/>\n<script type=\"application\/ld+json\" class=\"yoast-schema-graph\">{\"@context\":\"https:\/\/schema.org\",\"@graph\":[{\"@type\":\"WebSite\",\"@id\":\"http:\/\/cicloconciertosbarciademera.net\/#website\",\"url\":\"http:\/\/cicloconciertosbarciademera.net\/\",\"name\":\"Ciclo de Conciertos de Barcia de Mera\",\"description\":\"\",\"potentialAction\":[{\"@type\":\"SearchAction\",\"target\":{\"@type\":\"EntryPoint\",\"urlTemplate\":\"http:\/\/cicloconciertosbarciademera.net\/?s={search_term_string}\"},\"query-input\":\"required name=search_term_string\"}],\"inLanguage\":\"es\"},{\"@type\":\"ImageObject\",\"@id\":\"http:\/\/cicloconciertosbarciademera.net\/index.php\/profile\/pedro-michel\/#primaryimage\",\"inLanguage\":\"es\",\"url\":\"http:\/\/cicloconciertosbarciademera.net\/wp-content\/uploads\/2016\/06\/pedro-michel-scaled.jpg\",\"contentUrl\":\"http:\/\/cicloconciertosbarciademera.net\/wp-content\/uploads\/2016\/06\/pedro-michel-scaled.jpg\",\"width\":2560,\"height\":1700,\"caption\":\"pedro-michel\"},{\"@type\":\"WebPage\",\"@id\":\"http:\/\/cicloconciertosbarciademera.net\/index.php\/profile\/pedro-michel\/#webpage\",\"url\":\"http:\/\/cicloconciertosbarciademera.net\/index.php\/profile\/pedro-michel\/\",\"name\":\"Pedro Michel - Ciclo de Conciertos de Barcia de Mera\",\"isPartOf\":{\"@id\":\"http:\/\/cicloconciertosbarciademera.net\/#website\"},\"primaryImageOfPage\":{\"@id\":\"http:\/\/cicloconciertosbarciademera.net\/index.php\/profile\/pedro-michel\/#primaryimage\"},\"datePublished\":\"2016-06-09T12:00:09+00:00\",\"dateModified\":\"2022-04-28T18:02:05+00:00\",\"description\":\"Pedro Michel - Violista del Cuarteto Assai.\",\"breadcrumb\":{\"@id\":\"http:\/\/cicloconciertosbarciademera.net\/index.php\/profile\/pedro-michel\/#breadcrumb\"},\"inLanguage\":\"es\",\"potentialAction\":[{\"@type\":\"ReadAction\",\"target\":[\"http:\/\/cicloconciertosbarciademera.net\/index.php\/profile\/pedro-michel\/\"]}]},{\"@type\":\"BreadcrumbList\",\"@id\":\"http:\/\/cicloconciertosbarciademera.net\/index.php\/profile\/pedro-michel\/#breadcrumb\",\"itemListElement\":[{\"@type\":\"ListItem\",\"position\":1,\"name\":\"Home\",\"item\":\"http:\/\/cicloconciertosbarciademera.net\/\"},{\"@type\":\"ListItem\",\"position\":2,\"name\":\"Profiles\",\"item\":\"http:\/\/cicloconciertosbarciademera.net\/index.php\/profile\/\"},{\"@type\":\"ListItem\",\"position\":3,\"name\":\"Pedro Michel\"}]}]}<\/script>\n<!-- \/ Yoast SEO plugin. -->","yoast_head_json":{"title":"Pedro Michel - Ciclo de Conciertos de Barcia de Mera","description":"Pedro Michel - Violista del Cuarteto Assai.","robots":{"index":"index","follow":"follow","max-snippet":"max-snippet:-1","max-image-preview":"max-image-preview:large","max-video-preview":"max-video-preview:-1"},"canonical":"http:\/\/cicloconciertosbarciademera.net\/index.php\/profile\/pedro-michel\/","og_locale":"es_ES","og_type":"article","og_title":"Pedro Michel - Ciclo de Conciertos de Barcia de Mera","og_description":"Pedro Michel - Violista del Cuarteto Assai.","og_url":"http:\/\/cicloconciertosbarciademera.net\/index.php\/profile\/pedro-michel\/","og_site_name":"Ciclo de Conciertos de Barcia de Mera","article_modified_time":"2022-04-28T18:02:05+00:00","og_image":[{"width":2560,"height":1700,"url":"http:\/\/cicloconciertosbarciademera.net\/wp-content\/uploads\/2016\/06\/pedro-michel-scaled.jpg","type":"image\/jpeg"}],"twitter_card":"summary_large_image","twitter_misc":{"Tiempo de lectura":"2 minutos"},"schema":{"@context":"https:\/\/schema.org","@graph":[{"@type":"WebSite","@id":"http:\/\/cicloconciertosbarciademera.net\/#website","url":"http:\/\/cicloconciertosbarciademera.net\/","name":"Ciclo de Conciertos de Barcia de Mera","description":"","potentialAction":[{"@type":"SearchAction","target":{"@type":"EntryPoint","urlTemplate":"http:\/\/cicloconciertosbarciademera.net\/?s={search_term_string}"},"query-input":"required name=search_term_string"}],"inLanguage":"es"},{"@type":"ImageObject","@id":"http:\/\/cicloconciertosbarciademera.net\/index.php\/profile\/pedro-michel\/#primaryimage","inLanguage":"es","url":"http:\/\/cicloconciertosbarciademera.net\/wp-content\/uploads\/2016\/06\/pedro-michel-scaled.jpg","contentUrl":"http:\/\/cicloconciertosbarciademera.net\/wp-content\/uploads\/2016\/06\/pedro-michel-scaled.jpg","width":2560,"height":1700,"caption":"pedro-michel"},{"@type":"WebPage","@id":"http:\/\/cicloconciertosbarciademera.net\/index.php\/profile\/pedro-michel\/#webpage","url":"http:\/\/cicloconciertosbarciademera.net\/index.php\/profile\/pedro-michel\/","name":"Pedro Michel - Ciclo de Conciertos de Barcia de Mera","isPartOf":{"@id":"http:\/\/cicloconciertosbarciademera.net\/#website"},"primaryImageOfPage":{"@id":"http:\/\/cicloconciertosbarciademera.net\/index.php\/profile\/pedro-michel\/#primaryimage"},"datePublished":"2016-06-09T12:00:09+00:00","dateModified":"2022-04-28T18:02:05+00:00","description":"Pedro Michel - Violista del Cuarteto Assai.","breadcrumb":{"@id":"http:\/\/cicloconciertosbarciademera.net\/index.php\/profile\/pedro-michel\/#breadcrumb"},"inLanguage":"es","potentialAction":[{"@type":"ReadAction","target":["http:\/\/cicloconciertosbarciademera.net\/index.php\/profile\/pedro-michel\/"]}]},{"@type":"BreadcrumbList","@id":"http:\/\/cicloconciertosbarciademera.net\/index.php\/profile\/pedro-michel\/#breadcrumb","itemListElement":[{"@type":"ListItem","position":1,"name":"Home","item":"http:\/\/cicloconciertosbarciademera.net\/"},{"@type":"ListItem","position":2,"name":"Profiles","item":"http:\/\/cicloconciertosbarciademera.net\/index.php\/profile\/"},{"@type":"ListItem","position":3,"name":"Pedro Michel"}]}]}},"_links":{"self":[{"href":"http:\/\/cicloconciertosbarciademera.net\/index.php\/wp-json\/wp\/v2\/profile\/11023","targetHints":{"allow":["GET"]}}],"collection":[{"href":"http:\/\/cicloconciertosbarciademera.net\/index.php\/wp-json\/wp\/v2\/profile"}],"about":[{"href":"http:\/\/cicloconciertosbarciademera.net\/index.php\/wp-json\/wp\/v2\/types\/profile"}],"replies":[{"embeddable":true,"href":"http:\/\/cicloconciertosbarciademera.net\/index.php\/wp-json\/wp\/v2\/comments?post=11023"}],"version-history":[{"count":3,"href":"http:\/\/cicloconciertosbarciademera.net\/index.php\/wp-json\/wp\/v2\/profile\/11023\/revisions"}],"predecessor-version":[{"id":16063,"href":"http:\/\/cicloconciertosbarciademera.net\/index.php\/wp-json\/wp\/v2\/profile\/11023\/revisions\/16063"}],"wp:featuredmedia":[{"embeddable":true,"href":"http:\/\/cicloconciertosbarciademera.net\/index.php\/wp-json\/wp\/v2\/media\/16061"}],"wp:attachment":[{"href":"http:\/\/cicloconciertosbarciademera.net\/index.php\/wp-json\/wp\/v2\/media?parent=11023"}],"wp:term":[{"taxonomy":"pl-categs","embeddable":true,"href":"http:\/\/cicloconciertosbarciademera.net\/index.php\/wp-json\/wp\/v2\/pl-categs?post=11023"}],"curies":[{"name":"wp","href":"https:\/\/api.w.org\/{rel}","templated":true}]}}

<div id="cmsmasters_row_ea0601e486" class="cmsmasters_row cmsmasters_color_scheme_default cmsmasters_row_top_default cmsmasters_row_bot_default cmsmasters_row_boxed">
<div class="cmsmasters_row_outer_parent">
<div class="cmsmasters_row_outer">
<div class="cmsmasters_row_inner">
<div class="cmsmasters_row_margin">
<div id="cmsmasters_column_80794a87cb" class="cmsmasters_column one_first">
<div class="cmsmasters_column_inner"><div class="aligncenter"><div class="cmsmasters_img  cmsmasters_image_c"><img decoding="async" src="http://cicloconciertosbarciademera.net/wp-content/uploads/2016/06/pedro-michel-300x199.jpg" alt="pedro-michel" /></div></div>
</div></div>
</div>
</div>
</div>
</div>
</div>
<div id="cmsmasters_row_3f93342c38" class="cmsmasters_row cmsmasters_color_scheme_default cmsmasters_row_top_default cmsmasters_row_bot_default cmsmasters_row_boxed">
<div class="cmsmasters_row_outer_parent">
<div class="cmsmasters_row_outer">
<div class="cmsmasters_row_inner">
<div class="cmsmasters_row_margin">
<div id="cmsmasters_column_308b8e8b5d" class="cmsmasters_column one_first">
<div class="cmsmasters_column_inner"><div class="cmsmasters_text">
<p>Cursó sus primeros estudios musicales en la Escuela de Arte de Santa Clara, Cuba. En 1986 terminó el Nivel Medio de Viola en la Escuela Nacional de Arte de La Habana. En 1991, luego de culminar con diploma de oro su especialización en el Instituto Superior de Arte, entró a formar parte de la Orquesta de Cámara de La Habana, con la que realizó numerosos conciertos como solista.<br />
Desde 1994 hasta 1996 estuvo desempeñándose como viola solista y profesor en la Orquesta Sinfónica de Carabobo, Venezuela. A partir de este año, y hasta 2002, fue profesor de violín, viola y música de cámara en el Conservatorio de Cali, Colombia y Director de la Orquesta de estudiantes. En este mismo período formó parte de la Orquesta Sinfónica del Valle como primera viola.<br />
Actualmente radica en Madrid. Fue miembro del cuarteto «Diapente» y ha realizado colaboraciones con destacadas agrupacionas como la Orquesta «Philharmonia» en Italia, la Sinfónica de Madrid, la orquesta «Andrés Segovia», la Orquesta de la Comunidad de Madrid y la Sinfónica de Galicia, entre otras&#8230;<br />
También ha participado en numerosas grabaciones musicales y conciertos en prestigiosas salas como el Auditorio Nacional de Música, Teatro Real (Madrid), Teatro Teresa Carreño (Venezuela. Destaca su participación como violista en la grabación del disco «Quartets for Guitars, Flute and Strings» de Ferdinand Rebay, para el sello «Brilliant Classics» junto al guitarrista Gonzalo Noqué.</p>
</div>
</div></div>
</div>
</div>
</div>
</div>
</div>
